sor of z and 26?
13
Suppose -3*z + 7 = -4*a + 2, -4*z + 11 = -a. Suppose z*o - 2*w = -w + 34, -3*o = w - 44. What is the highest common divisor of 208 and o?
13
Let a = -722 - -727. Suppose 4*z - 8*s + 3*s - 274 = 0, 0 = a*z - 5*s - 340. What is the highest common divisor of z and 42?
6
Let l(q) = 3*q**2 + 8*q + 2. Let c(z) = -3*z + 32. Let r be c(13). Let i be l(r). Let k = i - 65. Calculate the greatest common factor of k and 28.
28
Let l be ((-3)/24*4)/((-2)/(-16)). Let z be (-63)/l - (9 - 4)/(-20). What is the greatest common divisor of 368 and z?
16
Suppose -7*b - 10075 = -8*b + 3*n, 50249 = 5*b + 3*n. Calculate the greatest common divisor of b and 33.
11
Let i be (3588/(-130) - -21)/((-2)/20). What is the highest common divisor of 352 and i?
22
Let y be (-1 - ((-4)/1 + 1))*173. Suppose 10*d - y = -26. What is the highest common factor of d and 288?
32
Let b be (-2 + 0)*-42*21*795/180. What is the highest common factor of 147 and b?
147
Suppose 2*l - 4*p + 2*p - 164 = 0, 8 = 2*p. Let k = -88 + l. Let x be (k - -2) + (203 - -2). What is the highest common divisor of 82 and x?
41
Let j(y) be the second derivative of -y**4/6 + 17*y**3/3 + 85*y**2/2 + y - 1. Let s be j(19). What is the greatest common factor of s and 279?
9
Let c = 117 - -3. Suppose 13*v - 2472 = -5*v - 85*v. What is the greatest common divisor of v and c?
24
Let b be (-2302)/(-14) - (-52)/91. Suppose 22*i - 16*i - 90 = 0. What is the highest common divisor of i and b?
15
Let m = 2278 + -304. Calculate the highest common divisor of m and 28.
14
Let r be ((-2)/(-4))/(31/930)*313. What is the highest common factor of r and 15?
15
Let s(a) = -54*a + 1676. Let d be s(30). Let m = 70 + -22. Let q = d - m. What is the greatest common factor of 32 and q?
8
Let o be 5 + (-1 - 4 - (9 - -3)). Let s be 2 + 272 - o*(-8)/24. Calculate the greatest common divisor of 9 and s.
9
Suppose 0 = -14*x + 15*x - 20*x + 2584. What is the highest common factor of 357 and x?
17
Suppose 1285 + 863 = 129*t + 229*t. What is the greatest common factor of 54 and t?
6
Let w = -9625 + 15353. Calculate the greatest common divisor of w and 2506.
358
Let h(z) = 2*z + 1. Let k be 4/7*(-7)/(-2). Let n be h(k). Suppose 0 = -2*a + n*v + 40, -2*a + 0*v + 24 = -v. Calculate the highest common factor of 30 and a.
10
Suppose 164*y = 160*y + 120. Let p be ((-25)/y + 2/4)*-243. What is the greatest common factor of 216 and p?
27
Suppose 1 - 3 = -h. Let g be (-6)/((-40)/18 + h). Let d(b) = 1578*b + 9711. Let t be d(-6). What is the highest common factor of g and t?
27
Let f be (-1413108)/(-99) + (-58)/(-319). What is the highest common factor of f and 1170?
234
Suppose 3*i = -3*r + 147, i - 4*r - 61 + 17 = 0. Let v be (8/(-10))/(i/50 + -1). Let d = v + -16. What is the highest common divisor of 8 and d?
4
Suppose k + u - 22 = 0, 0 = k - 0*u + 2*u - 18. Suppose -1287 = -0*j - 11*j. What is the highest common factor of k and j?
13
Let d(c) = -62*c + 29*c + 1 + 32*c. Let k be d(-1). Let o be (-4)/k + 1 + 3. What is the highest common divisor of o and 16?
2
Let d(h) = 3*h**3 + 25*h - 15. Let f(t) = 3*t**3 + 23*t - 14. Let v(r) = -6*d(r) + 7*f(r). Let x be v(3). Calculate the greatest common divisor of x and 53.
53
Suppose -20*c - 2632 + 9374 = -10358. Calculate the greatest common factor of 330 and c.
15
Let h = 9287 + -3239. Calculate the highest common factor of 48 and h.
48
Let b be -9 - (-5 - 14 - -2). Calculate the greatest common factor of b and 7048.
8
Let w = 22810 - 15257. Calculate the greatest common factor of w and 273.
91
Let k(g) = g**2 + 6*g + 221. Suppose 55 = 2*o + 55. Let v be k(o). Calculate the highest common factor of 26 and v.
13
Let x(v) = 3*v**2 - 456 + 6*v + 456. Suppose b - 2*h = 3, 5 = b + 4*h + 26. Let k be x(b). Calculate the greatest common divisor of 315 and k.
45
Suppose 116*u - 5*p = 112*u + 9, -u - 5*p + 21 = 0. Suppose 5*d = 9*d - 1704. What is the greatest common factor of u and d?
6
Let g = -536 + 588. Let h(l) = 262*l - 2. Let y be h(1). What is the greatest common divisor of g and y?
52
Let y(r) = 3*r - 6. Let t be y(4). Suppose 0 = 4*s + 5*c - 79, -777*c - 37 = -2*s - 780*c. Calculate the highest common factor of t and s.
2
Let q be (-3)/((9/(-228))/1). Let f(p) = p**3 + 16*p**2 + 2*p + 33. Let r be f(-16). Let z be -19*1*r/(-3 + 2). Calculate the highest common divisor of z and q.
19
Let c = 279 - 279. Suppose 3*p + 2*p - 735 = c. Calculate the highest common factor of 21 and p.
21
Let d(h) = h**3 + 26*h**2 - 27*h + 35. Let g be d(-27). Let f be 55*1 - (-41 + g). What is the greatest common divisor of f and 61?
61
Let g = 3335 - 2407. What is the greatest common divisor of 580 and g?
116
Suppose 1263 = 3*z - 8*t - 2938, 5*z - 6955 = 4*t. Calculate the highest common factor of z and 38.
19
Let v(i) be the second derivative of -11*i**3/6 + 123*i**2/2 - 2*i + 19. Let h be v(11). What is the highest common factor of 7 and h?
1
Let n be ((-56)/35)/(4/(-10)). Let z(f) = 11*f - 20. Let r be z(n). What is the greatest common factor of r and 8?
8
Suppose 4*i = 2*t - 10, 0 = -6*i + 4*i + 5*t - 25. Suppose -75*m + 68*m + 315 = 0. Suppose 42*n - 37*n - m = i. What is the greatest common factor of 27 and n?
9
Suppose 0 = -p + 5, 3*x + 32*p = 31*p + 380. Suppose -28 = -4*v + 2*m, 0 = -v - 4*v + 5*m + 45. Calculate the highest common factor of v and x.
5
Let l = -3967 - -6039. Calculate the greatest common factor of 112 and l.
56
Suppose 588 = -0*l - 2*l. Let w be (-9961)/63 + (-1)/(-9). Let h = w - l. Calculate the greatest common factor of h and 17.
17
Suppose r + 7 - 18 = 0. Suppose -6*a + 19 = -r. Suppose -a*n + n = -232. What is the greatest common divisor of n and 87?
29
Let k be (-1)/(-23)*-2 - 4950/(-4554). Calculate the greatest common factor of k and 113.
1
Suppose -6 = 2*k, 4*k = 2*n + 2*k - 102. Suppose -44*b = -48*b + n. Calculate the highest common factor of b and 12.
12
Suppose 23*t = -2*a + 15774, 343*t - 340*t = -3*a + 2052. Calculate the greatest common divisor of 6958 and t.
98
Let o be -6 - 147/(-24) - (35595/40)/(-9). Let d be 330/2 - 0/(-3). What is the highest common divisor of d and o?
33
Let l be (4 - 6) + 8*3. Let i = 8 + -6. Suppose i*f - 113 = 107. What is the highest common divisor of l and f?
22
Let g(n) = 44*n**3 + 4*n**2 - 9*n + 21. Let r be g(2). Calculate the highest common divisor of 126 and r.
7
Let s be (-94)/10 + (-6)/(-15). Let j = s - -33. Let l = -4285 - -4549. Calculate the greatest common factor of j and l.
24
Suppose -o + 61 - 58 = 0. Let r be ((-104)/4)/(o/9). Let m = r - -141. What is the greatest common divisor of m and 7?
7
Suppose 16 = 3*v - x - 3*x, -3*x = v - 1. Let m be (2*2/4)/(1 - 0). Calculate the greatest common factor of m and v.
1
Let r = -423 - -1416. Let h = -518 + r. What is the highest common divisor of h and 190?
95
Let v(j) = 344*j**2 + 5*j + 209. Let m be v(9). What is the highest common divisor of 68 and m?
34
Let s be 7/21 - 58/(-6). Let n(o) = 116*o - 350. Let t be n(5). Calculate the highest common divisor of t and s.
10
Let i = 2674 + -2621. Calculate the highest common divisor of 106 and i.
53
Let f be 2709/18*(-12)/(-21). Suppose f*s - 87*s = -8. Calculate the greatest common factor of 224 and s.
8
Let t = -512 + 782. Let c(v) = 15*v**3 - 116*v**2 + 5*v - 188. Let u be c(8). What is the greatest common divisor of u and t?
54
Suppose -5*s + 21 - 1 = 0. Let v be s/(-6) - (-573)/9. Suppose -777 = -133*r + 96*r. Calculate the highest common factor of v and r.
21
Let m be (-15)/((-105)/(-56)) - -308. Calculate the greatest common divisor of 690 and m.
30
Suppose -4*l - 5*s + 3*s = -82, 5*s = 5*l - 140. What is the highest common factor of l and 2024?
23
Suppose -g = -3*n + 4276, -n + 1416 = 385*g - 390*g. What is the greatest common factor of 46 and n?
46
Let r = 404 + -399. Let u be (-7 - (-31)/r)*110/(-4). Calculate the greatest common factor of u and 264.
22
Let c = -414 - -599. Let i = 73 + -36. What is the greatest common divisor of c and i?
37
Let o(l) = l**2 + 9*l + 20. Suppose 113*i = 121*i + 96. Let z be o(i). Calculate the highest common divisor of z and 16.
8
Suppose -4*k - 594 - 232 = -5*t, k - 320 = -2*t. Let s = 189 - t. What is the highest common factor of 6 and s?
3
Suppose -4 - 2 = -3*r. Let k be r - (1 + -69*1).